170777
List the prime factors of 163524361.
7, 11, 13, 14851
What are the prime factors of 1521323626?
2, 760661813
What are the prime factors of 237962581?
389, 611729
What are the prime factors of 4959388243?
4959388243
List the prime factors of 18927751.
61, 310291
What are the prime factors of 65643939?
3, 810419
List the prime factors of 290079623.
8501, 34123
List the prime factors of 28869270.
2, 3, 5, 962309
What are the prime factors of 314842949?
53, 1069, 5557
List the prime factors of 853330984.
2, 11, 523, 18541
List the prime factors of 1243244684.
2, 11, 163, 173347
List the prime factors of 1391989348.
2, 23, 83, 421, 433
What are the prime factors of 1671320694?
2, 3, 17, 16385497
List the prime factors of 25802388.
2, 3, 97, 821
List the prime factors of 1638889317.
3, 13, 3613, 3877
What are the prime factors of 828430780?
2, 5, 19, 137, 15913
List the prime factors of 74793185.
5, 14958637
List the prime factors of 3456161.
59, 58579
List the prime factors of 326912140.
2, 5, 137, 119311
What are the prime factors of 3002875628?
2, 523, 1435409
List the prime factors of 242438904.
2, 3, 17, 41, 4831
What are the prime factors of 119271608?
2, 14908951
What are the prime factors of 31021871?
23, 41, 67, 491
List the prime factors of 116665520.
2, 5, 1458319
What are the prime factors of 362432188?
2, 241, 375967
List the prime factors of 880844897.
173, 5091589
What are the prime factors of 864269419?
13, 66482263
List the prime factors of 377576139.
3, 125858713
What are the prime factors of 307936270?
2, 5, 137, 224771
What are the prime factors of 11080334?
2, 83, 66749
List the prime factors of 25819354.
2, 11, 127, 9241
List the prime factors of 538129167.
3, 179376389
What are the prime factors of 805779821?
7, 11, 17, 37, 127, 131
What are the prime factors of 5233297400?
2, 5, 41, 313, 2039
List the prime factors of 340539759.
3, 7, 61, 12659
List the prime factors of 125586056.
2, 15698257
List the prime factors of 542259051.
3, 180753017
List the prime factors of 4138236512.
2, 9973, 12967
What are the prime factors of 1273418612?
2, 318354653
List the prime factors of 179931254.
2, 19, 23, 29, 31, 229
List the prime factors of 53879832.
2, 3, 748331
What are the prime factors of 20035211?
7, 67, 42719
List the prime factors of 179424376.
2, 1237, 18131
What are the prime factors of 1051242680?
2, 5, 149, 176383
What are the prime factors of 287039202?
2, 3, 53, 902639
List the prime factors of 278503401.
3, 11, 17, 45131
What are the prime factors of 24917413?
24917413
List the prime factors of 67664840.
2, 5, 1691621
List the prime factors of 3715505622.
2, 3, 11279, 18301
What are the prime factors of 85665721?
85665721
List the prime factors of 121417450.
2, 5, 7, 11, 47, 61
What are the prime factors of 4578368295?
3, 5, 305224553
What are the prime factors of 1338391933?
67, 19975999
List the prime factors of 261167307.
3, 271, 321239
List the prime factors of 15661784.
2, 179, 10937
What are the prime factors of 67936323?
3, 7, 13, 248851
List the prime factors of 495674398.
2, 2003, 123733
What are the prime factors of 434759264?
2, 13586227
What are the prime factors of 142999200?
2, 3, 5, 19861
What are the prime factors of 656793907?
7, 11, 577, 14783
What are the prime factors of 734694275?
5, 7, 151, 27803
List the prime factors of 1086037823.
13, 83541371
What are the prime factors of 221542114?
2, 47, 2356831
List the prime factors of 787472560.
2, 5, 7, 163, 8627
List the prime factors of 50364075.
3, 5, 659, 1019
What are the prime factors of 42035123?
13, 29, 43, 2593
What are the prime factors of 588451753?
17, 34614809
List the prime factors of 92005941.
3, 67, 397, 1153
List the prime factors of 417651458.
2, 7, 29832247
List the prime factors of 635885431.
21187, 30013
List the prime factors of 47996343.
3, 773, 6899
What are the prime factors of 1214343649?
373, 3255613
List the prime factors of 206157037.
31, 73, 91099
List the prime factors of 811050575.
5, 127, 467, 547
What are the prime factors of 5619684183?
3, 43151, 43411
What are the prime factors of 67220243?
67220243
What are the prime factors of 3585632879?
3585632879
What are the prime factors of 7966306965?
3, 5, 109, 1709, 2851
What are the prime factors of 24902780?
2, 5, 7, 25411
What are the prime factors of 1008990522?
2, 3, 56055029
List the prime factors of 2914472.
2, 11, 33119
What are the prime factors of 992379071?
992379071
List the prime factors of 14561138.
2, 7280569
What are the prime factors of 684661185?
3, 5, 13, 1170361
What are the prime factors of 3354188156?
2, 11, 76231549
List the prime factors of 173807097.
3, 59, 981961
List the prime factors of 635168082.
2, 3, 105861347
What are the prime factors of 54087801?
3, 163, 110609
List the prime factors of 486817376.
2, 15213043
What are the prime factors of 2343143707?
19, 73, 569, 2969
List the prime factors of 1115939931.
3, 467, 796531
What are the prime factors of 595786404?
2, 3, 1451, 34217
List the prime factors of 28287591.
3, 61, 331, 467
List the prime factors of 1683832184.
2, 17, 43, 287933
What are the prime factors of 2005109152?
2, 4001, 15661
What are the prime factors of 122065378?
2, 61032689
What are the prime factors of 357291468?
2, 3, 9924763
List the prime factors of 49061797.
1951, 25147
What are the prime factors of 45532410?
2, 3, 5, 7, 11, 23, 857
List the prime factors of 94498842.
2, 3, 491, 32077
List the prime factors of 30064785.
3, 5, 269, 7451
List the prime factors of 1486334804.
2, 31, 11986571
List the prime factors of 22584291.
3, 7528097
What are the prime factors of 17066?
2, 7, 23, 53
What are the prime factors of 54514633?
461, 118253
List the prime factors of 276900193.
37, 7483789
What are the prime factors of 66697028?
2, 16674257
What are the prime factors of 76616949?
3, 19, 1344157
List the prime factors of 296659107.
3, 43, 17827
List the prime factors of 163422060.
2, 3, 5, 2723701
List the prime factors of 4423324183.
4423324183
What are the prime factors of 4073195205?
3, 5, 19, 4763971
List the prime factors of 373226632.
2, 46653329
What are the prime factors of 666812086?
2, 333406043
List the prime factors of 2999162402.
2, 47, 3121, 10223
What are the prime factors of 17124896?
2, 31, 61, 283
List the prime factors of 1439660211.
3, 11, 43626067
What are the prime factors of 55337969?
55337969
List the prime factors of 1672773493.
1672773493
List the prime factors of 1771336074.
2, 3, 295222679
List the prime factors of 945212223.
3, 17, 18533573
What are the prime factors of 747157961?
11, 67923451
List the prime factors of 90587411.
307, 295073
List the prime factors of 34824895.
5, 7, 994997
List the prime factors of 40341643.
40341643
List the prime factors of 1194541404.
2, 3, 7, 290219
List the prime factors of 59845126.
2, 11, 23, 101, 1171
List the prime factors of 398253799.
263, 1514273
List the prime factors of 1100224065.
3, 5, 1319, 55609
List the prime factors of 357283237.
17, 47, 139, 3217
List the prime factors of 164014506.
2, 3, 101, 90217
What are the prime factors of 234669139?
17, 839, 16453
What are the prime factors of 30484700?
2, 5, 304847
What are the prime factors of 7963157536?
2, 248848673
What are the prime factors of 22156705?
5, 23, 192667
List the prime factors of 807139645.
5, 13, 37, 335609
What are the prime factors of 8765908?
2, 2191477
What are the prime factors of 53265706?
2, 13, 409, 5009
What are the prime factors of 430387735?
5, 4021, 21407
List the prime factors of 57459551.
2663, 21577
List the prime factors of 75235257.
3, 2786491
List the prime factors of 29941519.
4409, 6791
List the prime factors of 506108226.
2, 3, 13, 6488567
List the prime factors of 193086310.
2, 5, 19308631
What are the prime factors of 77402390?
2, 5, 13, 19, 31337
What are the prime factors of 74438363?
193, 449, 859
List the prime factors of 298536130.
2, 5, 163, 183151
List the prime factors of 375085526.
2, 619, 302977
What are the prime factors of 1238058580?
2, 5, 11, 43, 130873
List the prime factors of 272054012.
2, 68013503
List the prime factors of 165672543.
3, 55224181
List the prime factors of 35411578.
2, 17, 1041517
What are the prime factors of 327306190?
